Is m a composite number?
True
Let c(o) = -10073*o + 95. Is c(-4) prime?
True
Let b = -92 + -209. Let n(y) = -y**3 + 11*y**2 - 16*y - 20. Let x be n(10). Let v = x - b. Is v composite?
True
Let r be ((-69)/(-4))/(5/80). Let z = r - -289. Suppose -3*o = -z + 28. Is o prime?
True
Let g(i) be the first derivative of -795*i**2/2 + 3*i + 1. Let r be g(-3). Let z = -731 + r. Is z a composite number?
False
Suppose -3*f + 4*o = -2333, 5*o - 821 + 3931 = 4*f. Let l = 1022 + f. Is l a prime number?
False
Let j(u) = 346*u - 63. Let d be j(24). Suppose -n + 4*z + 6853 = 0, n - d = 5*z - 1385. Is n a composite number?
False
Let q(x) = 16*x**3 - 4*x**2 + 32*x - 17. Let j(u) = -7*u**3 + 2*u**2 - 16*u + 8. Let i(f) = -7*j(f) - 3*q(f). Is i(10) prime?
False
Let u(j) = 4*j**2 + j + 24. Let i be u(0). Suppose i*n + 5523 = 45*n. Is n a prime number?
True
Suppose -2*l + 5*m = -299162, -4*m + 299090 = 10*l - 8*l. Is l a prime number?
True
Let o = 333188 + 85525. Is o a prime number?
False
Let u = 22 - 18. Suppose -u*z = -16 + 8. Is (-3)/3*(z - 703) composite?
False
Suppose -57*p + 170346 = 60279. Is p + (-9)/(-24) + (-15)/40 a composite number?
False
Let y = 16 + -4. Suppose 4*r + 2007 = -765. Is (r/(-60) - 3/(-15))*y a composite number?
True
Let q be 0/(9*8/36). Suppose 335*p - 334*p - 43223 = q. Is p prime?
True
Let h(t) = -4*t**2 + 9*t + 6. Let c(q) = -9*q**2 + 18*q + 11. Let l(o) = 2*c(o) - 5*h(o). Let a be l(-7). Suppose -a = 2*f - 5*f. Is f a composite number?
True
Suppose 0 = 3*l - 2*w - 51079, 11*l - 6*l - 85136 = -w. Is l a prime number?
True
Suppose -4 = s + 5*v, 3*s + 3*v - 24 = 6*v. Suppose -j = 2, 3*y - 4*j + s*j = 1433. Let t = y + -294. Is t a composite number?
True
Let d(c) = c + 24. Let b be d(-21). Suppose 2*m - 2072 = m + 4*a, -b*a = -5*m + 10309. Suppose 6*w - 10*w = -m. Is w composite?
True
Suppose 0*j = -4*j - 5*x + 4, -3*j = 5*x - 3. Let s be j*(-1707)/(-3) - (1 + -2). Let i = s - 313. Is i a prime number?
True
Let k = 211 - 208. Suppose 4*z - 3958 = -k*d, -5*z - 4*d + 3435 = -1512. Is z a prime number?
True
Suppose 0 = -45*r - 102169 + 488314. Is r prime?
True
Suppose 0 = b + b - 14462. Let c = 84 - 79. Suppose -c*r - 1476 = -b. Is r composite?
False
Let p(r) = 16909*r**2 - 78*r - 296. Is p(-3) a composite number?
True
Is (236947/6)/((-90)/(-300)*10/18) a prime number?
True
Suppose 12*a = 7*a + 15*a - 3745310. Is a prime?
True
Let k = 162 - 160. Suppose g - 7479 = -4*b + 3*b, 0 = -k*b + 2. Is g a composite number?
True
Let r(z) = -974*z**2 - 6*z + 21*z + 15 + 8537*z**2. Is r(-1) a composite number?
True
Suppose 0 = -4*x - 0*x. Let i(j) = -j**3 - 11*j - 31. Let l be i(-5). Suppose 2*z - z - l = x. Is z prime?
True
Suppose -2*o - l + 32 = 0, 0 = 7*o - 2*o - 3*l - 80. Is (-10365)/(-9) - (o/(-12) - -2) a composite number?
False
Let k(x) = -30*x**3 - 24*x**2 - 24*x - 19. Is k(-9) prime?
True
Let s = 18226 + 31981. Is s composite?
False
Suppose -p + 4*m + 0 = 1, -2*m + 8 = 2*p. Suppose p*w = 3*y - 9, 2*w = -2*y + 14 - 4. Is 398 + w*(-1 + 2) - 2 a composite number?
False
Let u = 56 + -54. Suppose 2129 = -m + u*m. Is m a composite number?
False
Let i = -16 + 171. Is i prime?
False
Let z be -1 + (-400064)/((-24)/3). Suppose -z + 5568 = -3*d. Is d a composite number?
False
Let q = 520292 - -897611. Is q prime?
False
Let p(t) = t**2 + 12*t - 28. Let c be p(-13). Let b be (-9)/c + (-68)/(-20). Suppose -b*g + 894 = 2*g. Is g prime?
True
Let n be -1 + 2907 - 0 - 1. Let u be (-2)/(310/(-279) - 4/(-9)). Suppose -2*q + n = u*q. Is q composite?
True
Suppose -u = -2*z - 12, 3*u + u + z - 21 = 0. Let o be u/((-18)/15) - -10. Suppose 19010 = o*a + 5*a. Is a a composite number?
False
Let n(g) = 6*g**2. Let f be n(-1). Is 11409/f - 3/6 a prime number?
True
Let c be (-36)/126 - (-74)/14. Let x(v) = 7 - 2*v + 50*v**3 - 108*v**3 + v**2 + c*v**2. Is x(-3) composite?
True
Suppose -5*l - 4*f + 37 = -66, 0 = 2*l - f - 36. Suppose -4*x + 7 = l. Is 493/x*(-3 - 0) prime?
False
Suppose 5*q + 7027 = 3*z, q - 5632 - 6117 = -5*z. Let v be ((-24)/(-10))/((-24)/3760). Let d = v + z. Is d a composite number?
False
Let z(w) = -70*w - 11. Let n(m) be the second derivative of -47*m**3 - 43*m**2/2 + 21*m. Let f(y) = -4*n(y) + 18*z(y). Is f(-4) a composite number?
True
Suppose -3 = 2*j - 11. Let z be 2/6*(-11 + 20). Suppose -j*x = -z*p - 13039, -9779 = -3*x - 0*p + 2*p. Is x composite?
False
Let y be ((-4)/(-3))/((-8)/(-18)). Let z(v) be the third derivative of 143*v**4/12 - 5*v**3/6 + v**2. Is z(y) a composite number?
False
Let p be 8362/(-6) + 6/(-18). Let r = p - -27. Is (1 - 2)*1*r a prime number?
True
Let h(q) = 16*q**3 - 51*q**2 + 62*q - 635. Is h(42) prime?
True
Let u = 35714 - 25290. Suppose 7835 = 3*g - t + 3*t, 4*g - 3*t = u. Is g a prime number?
True
Let h(a) = -703*a - 1349. Let j(m) = -m**3 + 13*m**2 + 7*m + 4. Let d be j(11). Let q(r) = -13*r - 25. Let i(x) = d*q(x) - 6*h(x). Is i(6) prime?
False
Suppose 6*h - 7*h = -4. Let m(v) = 458*v**2 - 9*v + 14. Let g be m(h). Suppose 5*c - f = g - 1343, -4*c - 5*f + 4782 = 0. Is c prime?
True
Suppose 3*c + 1107 = 3*f, -5 = -f - 3. Let x = c + 626. Is x prime?
False
Let m = 1537 - -3900. Is m a prime number?
True
Let s = -56 + -4. Is s/135 - (-8090)/18 composite?
False
Let k be 93/15 - 3 - 3/15. Suppose 4*v + z - 1943 = 0, 5*z = k*v + 2*z - 1446. Is v prime?
False
Is ((-2260762)/(-21) - 6)/(48/72) composite?
True
Suppose s + 14 - 2 = -4*q, -3*q + 2 = -2*s. Is q*(1/7 + 471610/(-140)) prime?
True
Is 23193 - (-24)/12*8 a prime number?
True
Let h(f) = -f - 6. Let a be h(-2). Let o be (1 + 0)/(a/(-1516)). Suppose 2*g + o = 3*g. Is g composite?
False
Suppose 4*q - 12963 = 20297. Let j = q + -1018. Is j a prime number?
True
Suppose -937965 = 571*z - 586*z. Is z a composite number?
True
Let r(n) = -40*n**2 + 26*n**2 - 18 + 234*n**2. Let w be r(6). Suppose w = 4*o + 5*y, -y - 7888 = -4*o + y. Is o a prime number?
True
Let s(j) = -426*j - 73. Let d(b) = -37*b + 11. Let n be d(1). Is s(n) a prime number?
True
Let o = -68 - -68. Suppose 0 = q - o*q. Suppose -y - 5*l + 1556 = q, 4*y - 6166 = -2*l + 4. Is y composite?
True
Let n(b) = 3136*b**2 + 22*b - 107. Is n(-27) prime?
True
Suppose l - 6146 = 4*y + 16390, -5*y - 28181 = -4*l. Let s = -2256 - y. Is s a prime number?
False
Let p = 246757 - 132600. Is p composite?
False
Let p(u) = -24*u + 52. Let q(b) = 13*b - 26. Let r(c) = -3*p(c) - 7*q(c). Is r(-8) prime?
False
Suppose -209596 = -8*v + 108796. Is v a prime number?
True
Suppose -x = 5*w - 236093, 2*w + 12*x - 74390 = 20024. Is w a prime number?
False
Let d = 1005 - 837. Suppose 251565 = -153*q + d*q. Is q prime?
False
Let c(n) = -126059*n - 284. Is c(-11) a prime number?
False
Suppose 175 = 3*c - 191. Is (c*15)/6 - -2 prime?
True
Let c(b) = -1193*b**2 + 5*b + 9. Let r(v) = 597*v**2 - 2*v - 5. Let j(t) = 2*c(t) + 5*r(t). Is j(6) a composite number?
False
Suppose -4*h - 5 = -5*m - 17, 2*m = h - 3. Let p(y) = 5*y**2 - 22 + 8*y**2 - h*y - 7*y**2. Is p(7) a prime number?
True
Suppose -3*v = -4*l - 27, 0 = 2*v - 3*l - 21 + 2. Suppose 0 = r + v*r - 3774. Is r prime?
False
Let w = 1918 + 243. Is w a composite number?
False
Suppose 106*t + 3426 = 109*t. Let l = t + -733. Is l a prime number?
True
Let c(h) be the third derivative of -7/24*h**4 + 1/12*h**5 + 0*h + 0 - 1/2*h**3 + 16*h**2. Is c(-5) a prime number?
True
Let y be (-1)/(-3) - ((-12)/(-9) - 1). Suppose 0 = 4*u - u + 15, y = -3*x - 3*u + 1734. Is x composite?
True
Suppose -4*a + 15 = a. Is (-13)/39*(-22181 + -1 + a) prime?
True
Let b(v) = 34*v**2 + 241*v + 6680. Is b(-31) composite?
False
Let k = 341781 - 214930. Is k composite?
False
Let y = 19 + -9. Suppose 5*q - 2434 = -3*p, 11*p - 488 = -q + y*p. Is q a composite number?
True
Let p(c) = -39*c + 7. Let f be p(5). Is (f/(-6))/(30/495) a prime number?
False
Let o be (-32)/12*(0 + -2 + -37). Let t = 139 - o. Is t a composite number?
True
Let m(b) = -b**2 - 4*b - 47 + 2*b**2 + 40. Let y be m(6). Let j(c) = 189*c - 16. Is j(y) a prime number?
True
Let t be 24/(-8)*1*(-6)/9. Suppose 2*g - 21070 = 3*c, -4*c = -t*g - 0*c + 21066. Is g composite?
True
Suppose -3*m = -11*m + 48. Let v(w) = -2*w**2 + 7*w + 23. Let y be v(m). Is (y/7)/((-2)/(-5690)*-1) composite?
True
Let c(u) = 2*u**2 - 13*u - 4. Let q be c(6). Let i be ((-1472)/q)/(1/(-10)). Let 